- -104. List the prime factors of n.
3, 13
Let s(k) = 50*k - 28. List the prime factors of s(5).
2, 3, 37
Suppose 2*l - 2231 = -2*w + 1003, -l + 1613 = -w. List the prime factors of l.
5, 17, 19
Let v(r) be the second derivative of 5*r**4/12 - r**3/6 - 3*r**2/2 - 7*r. List the prime factors of v(2).
3, 5
Suppose 0 = 3*c + s + 91 + 21, 198 = -5*c + 4*s. Let q = 105 + c. What are the prime factors of q?
67
Let v(h) = 106*h**2 - 58*h + 459. What are the prime factors of v(7)?
3, 11, 53
Let u(d) = 3 - 6 + 15 - 2*d. List the prime factors of u(-8).
2, 7
Let g(d) = d**2 - 10*d + 4. Let b be g(10). Let x = 39 - b. Let l = x + -26. List the prime factors of l.
3
Let i be 0 + -3 + 1 - -240. Suppose -i - 38 = -4*x. Suppose -3*m + x = -18. What are the prime factors of m?
29
Suppose -87*c + 2*u = -92*c + 2339, 1872 = 4*c + 2*u. List the prime factors of c.
467
List the prime factors of 479*2 - 48/(-24).
2, 3, 5
Let u(o) = o - 1. Let k = -14 + 15. Let r(d) = d**2 + 4*d - 8. Let l(p) = k*r(p) - 3*u(p). What are the prime factors of l(-4)?
7
Suppose -4*r = -0*r - 20. Let h(u) = -16*u + 12. Let b be h(r). What are the prime factors of b/(-16) + (-2)/8?
2
List the prime factors of 3609/6 - (0 - 4/8).
2, 7, 43
Let d be (-18)/(0 - -2)*(-5 + 4). Suppose d*b - 336 = b. List the prime factors of b.
2, 3, 7
Let t(n) = -4*n - 10. Let j(q) = q**2 - 4*q - 9. Let x be j(6). Let y be t(x). Let a = 0 - y. What are the prime factors of a?
2, 11
Suppose -11*c + 12*c + 63 = 0. List the prime factors of (-14)/c - 2158/(-9).
2, 3, 5
Let z = 1957 + 2081. What are the prime factors of z?
2, 3, 673
Let u(x) = 7*x**3 - 31*x**2 + 37*x + 16. Let v(d) = -4*d**3 + 16*d**2 - 19*d - 8. Let i(a) = 3*u(a) + 5*v(a). What are the prime factors of i(12)?
2, 7
Suppose 7*i = 28*i - 20811. List the prime factors of i.
991
Let j(l) be the second derivative of 1/2*l**3 - 3*l + 0 + 5/2*l**2. List the prime factors of j(8).
29
Let l = -6893 + 12132. What are the prime factors of l?
13, 31
Let s be (-2)/(-7) + (-1800)/(-70). Let p = 31 - s. Suppose 4*u - 3*t = -t + 12, 4*u = p*t. List the prime factors of u.
5
Let r be (-159)/15 + 9/15. Let l be 128/20 + 4/r. What are the prime factors of (-158)/(-6) - (-4)/l?
3
Let a(q) be the first derivative of 10*q**3/3 + q**2/2 + 7*q - 5. Let f be a(-5). List the prime factors of f/10 - 5/25.
5
Suppose d - 97 = 5*o - 3*d, -5*o + 2*d - 101 = 0. Let h = o - -19. What are the prime factors of ((-36)/(-42))/(h/(-84))?
2, 3
Suppose -d + 269 = 4*a, -2*d = 2*a - 96 - 454. List the prime factors of d.
277
Suppose -8*q = -3*q - 45. Let b = 23 - q. Suppose 23 = 15*t - b*t. What are the prime factors of t?
23
Suppose 0 = -4*b - 3*l + 389, b - 4*l - 178 = -b. List the prime factors of b.
5, 19
Let r = 16 + -24. Let i = -2 - r. Suppose -s + i = -1. List the prime factors of s.
7
Suppose -3*n + 283 = 5*i, i - 287 = -3*n - 0*n. Let g = -92 + n. List the prime factors of g.
2
What are the prime factors of 6/(-4)*2 - (-7479)/9?
2, 3, 23
Let w = -250 + 275. What are the prime factors of w?
5
Let x = 11 - 6. Let b = x + 1. Suppose 3*j - b*j = -33. List the prime factors of j.
11
Let j be (-72)/18 - (-7 + 0). Suppose -5*q + 83 = -3*q + 5*n, 5*n - 132 = -j*q. What are the prime factors of q?
7
Suppose -w - 111 = -4*w. Suppose -5*n + w = -0*n - 3*d, 5*n = -4*d + 9. What are the prime factors of n?
5
Suppose 5*v = -3*f + 2271, -9*v - 5*f = -4*v - 2275. List the prime factors of v.
3, 151
Suppose 5 = 4*f + 5*r, -r - 3 + 20 = 4*f. List the prime factors of 0 + 956/f + (-3)/15.
191
Let t = 98 + -100. List the prime factors of 0 - -151 - 8/t.
5, 31
Let i be (1 + -2)*(-16 + (-5 - -6)). Suppose -12*f = -i*f + 102. List the prime factors of f.
2, 17
Suppose -885 = 5*x + 3*c, -3*c = x + 245 - 68. Let z = x - -283. What are the prime factors of z?
2, 53
Let a(u) = 2*u**2 - 19*u - 14. Let y be a(10). Let d(o) = -o**2 - o. Let l(s) = -2*s**2 - 3*s + 3. Let n(b) = -4*d(b) - l(b). List the prime factors of n(y).
5, 13
List the prime factors of (-2)/(60/5615)*-6*1.
1123
Let z be (-765)/(-3 - 2) + -3. Let s = -107 + z. What are the prime factors of s?
43
Let l = 1 + 352. List the prime factors of l.
353
Suppose 4*q = -g + 22, -5*g + 10 = q - 5. Let s be 3 - 1 - -2 - g. What are the prime factors of (3 + -6 - -21) + s?
2, 5
Suppose 12*v - 212 = 160. What are the prime factors of v?
31
Let t = 149 + -81. Suppose 0 = 3*g - 5*g + t. What are the prime factors of g?
2, 17
Suppose 5*m - 15 + 0 = 0. Let u = m - 0. List the prime factors of 6/u + (14 - -1).
17
Let i = 82 - 123. Let f = i + 50. What are the prime factors of f?
3
Let u(a) = 180*a - 3. Let h be u(1). Suppose -2*t + 5*l + h = 0, 4*t = l - 2*l + 321. What are the prime factors of t?
3
Let f(h) = h**3 - 22*h**2 + 34*h - 115. What are the prime factors of f(23)?
2, 13, 23
Suppose 5*w - 2266 = -b, -15*w = -4*b - 16*w + 9045. List the prime factors of b.
7, 17, 19
List the prime factors of (-4)/18 - ((-36510)/27 - -1).
7, 193
List the prime factors of (35 - 1472)/((-3)/7 + 0).
7, 479
Let p be (-4)/(-14) - 210/49. Let n be 550/15 - p/(-6). Suppose 2*l = -c + 40 - 6, -c - 4*l = -n. List the prime factors of c.
2
Let a be 5662/95*(-10)/(-4). List the prime factors of 11/(198/(-12)) + a/3.
7
Suppose -4*v = -3*h - 6859, -260 = 3*v + 4*h - 5398. List the prime factors of v.
2, 857
Let w(q) = -q**3 + 3*q**2 + 2*q + 6. Let v(d) = d**2 + 1. Let l(o) = -6*v(o) + w(o). Let a = -441 - -437. What are the prime factors of l(a)?
2
Let d(v) = -v**2 + v. Let x(p) = -3*p**2 + 2*p + 3. Let j(g) = -4*d(g) + x(g). List the prime factors of j(6).
3
Let n(o) = -321*o - 5. Let b be n(-3). Suppose 5*p = b - 88. What are the prime factors of p?
2, 3, 29
Let k(n) = -n**3 + 6*n**2 + 7*n + 2. Let s be k(7). Let l(u) = 0*u**3 + u**3 + s*u**2 + 2*u**2 + u - 5*u**2 + 3. What are the prime factors of l(2)?
3
Let x = 1172 - 662. List the prime factors of x.
2, 3, 5, 17
Suppose k = -4*c + 203, -6*k + k - 181 = -3*c. List the prime factors of (148/c - 3) + 4272/52.
2, 41
Let a(f) = -515*f + 13. What are the prime factors of a(-1)?
2, 3, 11
Suppose 2*h = 2*j - 22, 0 = -2*j + 3*h + h + 30. Let l = 17 - j. List the prime factors of ((-105)/l)/(6/(-8)).
2, 7
Let w(u) be the third derivative of 8*u**3 + 0 - 1/120*u**6 + 0*u - 9*u**2 - 1/30*u**5 + 0*u**4. List the prime factors of w(0).
2, 3
Suppose -5542 = -21*a + 37025. List the prime factors of a.
2027
Suppose -5*z + 750 = -10*z. Let d be z/(-39) - (-6)/39. Suppose 33 = i - d. What are the prime factors of i?
37
Let k be -7*(-14)/147 + 1/3. List the prime factors of (54/4)/(k/22).
3, 11
Let d(b) be the second derivative of b**6/360 - b**5/15 + b**4/6 + b**3/3 + 6*b. Let c(v) be the second derivative of d(v). What are the prime factors of c(9)?
13
Let d = 8 + -5. Let l be -1*d + (-9)/(-3). Suppose -2*n + 0*n + 58 = l. List the prime factors of n.
29
Suppose 7*a - 10 - 32 = 0. Suppose -90 - 12 = -a*q. What are the prime factors of (q/3)/(1/6)?
2, 17
Let f = 61 + -60. List the prime factors of 1320/16 + f/(-2).
2, 41
Suppose 7294 - 1871 = 11*w. Let o = -236 + w. List the prime factors of o.
257
What are the prime factors of (1298/(-12))/(-1) - 17/102?
2, 3
Suppose -j + 4*v = -618, -2*v = 3*v + 25. What are the prime factors of j?
2, 13, 23
Let z(b) = b**3 + 3*b**2 + 3*b - 8. Let a be z(8). Suppose 10*u - 14*u + a = 0. List the prime factors of u.
2, 3, 5
Let w = -5 + 1. Let g be ((-2)/w)/((-24)/(-1056)). Suppose a + q + 4*q = 72, a - 5*q = g. What are the prime factors of a?
47
List the prime factors of (-12)/(-14) - (-2758509)/819.
3, 1123
Let y(q) = q**3 - 8*q**2 - 10*q + 5. Let i be y(9). Let h be -2 + -1*20/i. Let c = 12 - h. What are the prime factors of c?
3
Let f(p) = -18*p - 5 + 4*p**2 - 2 + 16*p. What are the prime factors of f(6)?
5
Suppose -5*z + 3*f = -3, -4*f + 2*f + 17 = 3*z. List the prime factors of 1*(10 - (-1 + z)).
2
Suppose -2*u - 2*u = 0. Suppose 7*p - 3*p - 52 = u. Suppose p*y = 18*y - 95. List the prime factors of y.
19
Suppose -3*y + 2 = -2*p + 11, 2*y + 6 = -4*p. Suppose p = -0*i + 5*i. Suppose 5*j + 0*q = -2*q + 25, i = 5*j + 5*q - 10. List the prime factors of j.
7
Suppose 2*i - 52 + 36 = 0. Suppose 3 = 4*c - 9. Suppose -i = -q + b, 5*b - 47 = -5*q + c*b. List the prime factors of q.
3
Let u = 51 + -32. Let